 of k and 20?
10
Suppose 4*p = 5*k - 81, -48 = 2*k - 4*k - p. Calculate the highest common factor of k and 77.
7
Let k(d) = 5*d + 109. Let i be k(-21). Suppose 0 = 19*t - 14*t - 220. What is the highest common factor of i and t?
4
Let o(r) = -28*r**2 - 70*r - 4. Let k be o(-2). Calculate the highest common divisor of 1592 and k.
8
Suppose -b + 2*o + 27 = 6, 0 = -5*b - 4*o + 119. Suppose 0 = -22*v + b*v. Let i be v + 2/4 + 399/42. What is the highest common divisor of i and 2?
2
Let x = -1079 - -1125. Calculate the highest common factor of 322 and x.
46
Let t = 26 + -2. Suppose -3 = 5*a + 2. Let s be a - (-27)/3 - -4. What is the greatest common divisor of s and t?
12
Suppose -24 = 44*h - 50*h. Let u be ((-12)/(-10))/(3/80). Let s = u + -12. What is the greatest common factor of s and h?
4
Suppose 4*c - 139 = -99. Suppose 3*b + c = 19, 2*i = -5*b + 149. Suppose 0 = -i*f + 68*f - 4. What is the highest common factor of f and 32?
4
Let t = 18490 - 17629. Calculate the greatest common factor of 336 and t.
21
Let p(a) = 1187*a + 144. Let b be p(4). Calculate the highest common divisor of 4 and b.
4
Let d = 7200 + -7172. Calculate the highest common divisor of 1939 and d.
7
Let z(t) = t**3 - 5*t**2 + 4*t - 5. Let i be z(4). Let h be (1 - -2) + 20 + i. Suppose 4*o - 135 = o. Calculate the highest common divisor of o and h.
9
Suppose -15*r + 5469 - 349 + 3055 = 0. Calculate the greatest common divisor of 1199 and r.
109
Let p = 27575 - 845. Calculate the highest common divisor of p and 90.
90
Suppose -4*l + 5*g = -46, -2*l - 12 = -3*l + g. Let i be (11 + -5)/(l/8 - 2). Let x be ((i/(-2))/(-2))/(-2). What is the highest common factor of 51 and x?
3
Let x be 110 + (5 + 1)/3. Let z(p) = -6*p + 76. Let y be z(15). Let n be (y/8)/(10/(-80)). What is the greatest common divisor of x and n?
14
Suppose 5*t - 8*t + f + 2253 = 0, 15 = -5*f. Calculate the highest common factor of 6 and t.
6
Let d(o) = o**2 + 10*o + 55. Let l be d(-16). Suppose 0 = -4*c + 125 + l. Calculate the highest common divisor of c and 207.
69
Let o be 5*4*(0 + 3/12). Let i(m) = 2*m**2 - 6*m - 2. Let z be i(o). What is the highest common factor of 6 and z?
6
Let w be ((-36)/16)/(3/(-376)). Suppose 4*g - l = 4*l + 233, 5*g = -3*l + w. Let a = g - 36. What is the greatest common divisor of a and 189?
21
Suppose 3*y - 1109 = -284. Let b(i) = 5*i + 210. Let r be b(-31). Calculate the highest common divisor of r and y.
55
Let y(z) = 3*z**3 - 11*z**2 + 25*z - 7. Let t be y(7). Calculate the greatest common divisor of 28 and t.
14
Let x be (1856 - -3)*14 + 15/((-90)/(-24)). What is the highest common factor of 19 and x?
19
Let c(p) = p**3 + 42*p**2 - 43*p + 7. Let t be c(-43). Suppose -t*i + 6*i + 158 = 5*o, 0 = i + 4*o - 155. Calculate the highest common factor of i and 11.
11
Let o be ((-4 - -2) + -2)/(4 - 1540/378). Calculate the highest common factor of o and 8946.
18
Suppose -15*l = -12*l - 81. Let g = -10 + 11. Suppose -4*f + g = -35. Calculate the greatest common factor of l and f.
9
Let n(z) = 2*z**3 + 4*z**2 + z + 2. Let m be n(-4). Let d = 3370 - 3431. Let f = d - m. What is the highest common divisor of 40 and f?
5
Suppose -302 + 60 = -11*p. Suppose -3*k + 0*c - 4*c + p = 0, -k + 39 = -5*c. What is the greatest common divisor of k and 49?
7
Suppose 0 = -5*t + g - 6 + 3, 0 = -3*t + 4*g - 12. Suppose 143*h - 142*h - 96 = t. Let p = -3 + 15. What is the highest common divisor of p and h?
12
Suppose 0 = 17*g - 14*g - x - 903, 4*g - 5*x - 1215 = 0. What is the greatest common divisor of 1100 and g?
100
Let h(s) = -979*s + 1019. Let j be h(1). What is the highest common factor of 1616 and j?
8
Suppose -3 + 7 = 2*n, m - 2*n = 4. Let v(i) = -i**3 - 9*i**2 - 6*i + 5. Let b be v(-8). Let c = 51 + b. What is the highest common factor of m and c?
8
Suppose 1085 = 5*t + 3*p + 1007, -3*p + 42 = t. Let y = -1 + 4. Suppose -y*w = -93 + 12. Calculate the greatest common divisor of w and t.
9
Let k = 13717 + -13609. Let v be (3 - 3/3)*79. Suppose 3*t - v = 58. What is the highest common divisor of t and k?
36
Suppose 0 = 139*c + 9*c - 129500. What is the greatest common factor of 70 and c?
35
Suppose 14*m - 537934 = -36*m + 27566. What is the greatest common divisor of m and 130?
130
Let d be 1*((-12)/4 - -3). Suppose -12*a + 575 - 4787 = d. Let w = 561 + a. What is the greatest common factor of w and 30?
30
Let t(z) = -11*z**2 + 783*z - 101. Let x be t(71). Calculate the highest common divisor of x and 14719.
41
Let i(p) = -p**3 - 9*p**2 + 38*p + 294. Let o be i(-10). Calculate the greatest common factor of 1757 and o.
7
Let k = 4964 - 4952. What is the greatest common divisor of k and 9132?
12
Let j(s) = s**2 + 3*s - 1. Let i be j(7). Let z = 59 + i. Let a(c) = 45*c - 794. Let b be a(18). What is the greatest common factor of b and z?
16
Let p(x) = -9*x**2 - 74*x - 1. Let a be p(-6). Let o = -2 + a. Calculate the highest common factor of o and 52.
13
Let c(k) = -k**2 - 323*k + 1312. Let u be c(4). What is the greatest common divisor of 1886 and u?
2
Suppose -j = 3*b - 30 - 34, 0 = 2*j + b - 113. Let y = j - -93. Calculate the greatest common factor of 4 and y.
4
Let i be 11 + ((-11453)/5)/(141/(-705)). What is the greatest common divisor of 8 and i?
8
Suppose 5*a - 189 = -4*g, 0 = 5*g + 3*a - 175 - 45. Let t = -19 + g. Let u = t - 7. Calculate the greatest common factor of 3 and u.
3
Let n = 4313 - 3833. Calculate the highest common divisor of n and 660.
60
Let q = 11038 + -10958. Calculate the highest common divisor of 3984 and q.
16
Suppose -5319 + 5749 = 43*r. Let j(q) = -q**2 - 2*q - 6. Let a be j(0). Let s = 4 - a. Calculate the greatest common factor of s and r.
10
Suppose -4*g = 4*t - 16, -483*g + 482*g = 2*t - 5. Let k = -40 + 55. What is the highest common divisor of k and g?
3
Suppose 6*d - 214 = d - 2*s, 6 = 3*s. Calculate the highest common factor of d and 8.
2
Let s = -143 - -148. Suppose 2*g + s*a - 9 = 0, 39*g - 38*g - 15 = a. Suppose -2*k = 3*k - 660. What is the highest common divisor of k and g?
12
Let q(p) = -p**2 - 12*p + 9. Let g be q(-9). Let l = -187 + 235. What is the highest common divisor of l and g?
12
Suppose 46*m + 7402 - 265324 = 0. What is the highest common divisor of m and 63?
63
Suppose -306*y + 235871 - 204680 = -252777. What is the highest common factor of 44 and y?
4
Let b(q) = q + 24. Let c be b(-5). Suppose -c*w + 20*w = 34. Calculate the greatest common factor of w and 374.
34
Let a(c) = 46*c**3 + c + 44*c**3 + 5*c**2 + 45*c**3 - 133*c**3. Let i be a(-2). Suppose -i*l + 0 + 34 = 0. Calculate the highest common divisor of 136 and l.
17
Let l(c) = 1533*c - 3045. Let d be l(17). What is the greatest common factor of d and 6?
6
Let w(r) = r**3 + 12*r**2 + 7*r - 27. Let a be w(-11). Suppose -a*f + 4026 - 1646 = 0. What is the greatest common factor of 50 and f?
10
Let l = 127 + -185. Let j = 179 + -118. Let n = l + j. What is the greatest common factor of 27 and n?
3
Suppose -2*i = -5*f + 25, -f - 28 = 4*i - 11. Let j(v) = 2*v**3 - 6*v**2 + 8*v - 6. Let b be j(f). What is the greatest common divisor of b and 6?
6
Suppose 3*n + 2563 = -4*s, 0 = -4*n + 4*s - 1655 - 1809. Let d = n + 1358. Calculate the highest common factor of 71 and d.
71
Let q = 100 - 97. Suppose 19*i - q*i = 768. Suppose 16 + 14 = 5*a. What is the greatest common factor of a and i?
6
Let y = 492 - 484. Let h be (1 - (2 - -3))/(-12 + y). Suppose 2 = g + g. What is the highest common factor of g and h?
1
Suppose -5*c - 229788 = -21*c - 5164. Calculate the greatest common factor of 101 and c.
101
Suppose -4*z + 88 = 8*m - 6*m, 5*m = 4*z + 178. Calculate the greatest common divisor of 6 and m.
2
Let a(z) = -6*z - 66. Suppose 0 = -10*i + i - 135. Let f be a(i). Let j be ((-2)/(-8) - (-1)/(-4)) + f. Calculate the highest common factor of 16 and j.
8
Let i(y) = -2*y**3 - 5*y**2 + 6*y + 17. Let j be i(-6). Suppose 7*w - 1094 = -j. What is the highest common divisor of w and 82?
41
Suppose -5*h + o + 24 = 0, 1 = 3*h + 3*o - 17. Suppose -h*i + 31 = -4*i - 5*x, -38 = -2*i + 4*x. Calculate the greatest common factor of i and 561.
11
Let z(p) = 6*p**2 - 263*p - 1524. Let l be z(-6). Calculate the greatest common divisor of l and 1070.
10
Let c be (-4)/32*6 + (-6441)/(-12). Calculate the highest common facto